he second derivative of -p**4/2 + 5*p**3/3 - 7*p**2/2 - p. Let k(d) = 5*q(d) + 4*s(d). What is k(4)?
-2
Let n(u) = -u - 1. Suppose -263 = -4*c + 13. Suppose -5*w - 2*l = -c, -3*w + 11 = l - 30. Suppose -13 = -4*y + 3*g, -1 = -4*y + 2*g + w. Calculate n(y).
-5
Let g(z) be the first derivative of -z**3/3 + 3*z**2 + 1. Let r be g(6). Let w(v) = -1 + v**2 - 4*v + 2 + r*v**2. Determine w(3).
-2
Let x(k) be the second derivative of -5*k**3/6 - k. Suppose 0 = 3*a + 9, -s - 4*a - 9 - 8 = 0. Let o = -6 - s. Calculate x(o).
5
Let t(k) be the second derivative of k**4/12 + k**2/2 - 8*k. Let a(m) = -4*m**2 + 6. Let y(p) = a(p) + 3*t(p). What is y(0)?
9
Let t(f) = f**3 - 4*f**2 + 10. Let d(r) = 2*r + 5*r**2 - r**2 - 9 - r - r**3. Suppose -2*w - w = -18. Let h(c) = w*d(c) + 5*t(c). Calculate h(5).
1
Let z(r) be the third derivative of -r**5/60 - 5*r**4/24 + 7*r**3/6 + 4*r**2 + 2*r. What is z(-7)?
-7
Let l(d) = 2*d**2 - 11*d + 11*d + 3*d + 8 + 6*d. Calculate l(-6).
26
Let g(d) = -d**2 + 3*d - 5. Let l(s) = -s**3 + 9*s**2 + 2*s + 12. Let y be l(9). Suppose 5*q - y = 4*q - 5*i, -i + 5 = 0. What is g(q)?
-15
Let z be ((-27)/(-18))/(3/(-8)). Let g be ((-5)/2)/((-2)/z). Let x(c) = c**2 + 5*c + 1. Give x(g).
1
Let g(q) = q**2 - q - 1. Let x(w) = -13*w - 1. Let p be x(-1). Let h be (-1)/2*(p - 12). Calculate g(h).
-1
Suppose 3*r + 0 + 6 = 0. Suppose 0 = -3*k - 4 - 8, -10 = p + 3*k. Let w(y) = -y**2 - 6 - 2*y**2 - 3*y**2 + 8 - p*y - y**3. Give w(r).
-10
Let r(g) = g + 1. Let m be (4 + 0)/(1 + 0). Let x(q) = 3*q + 8. Let y(u) = m*r(u) - x(u). What is y(4)?
0
Let k(a) be the third derivative of a**4/24 + a**3/3 + 17*a**2. Determine k(-3).
-1
Let c(w) = -3*w**2 - w. Let f(d) be the third derivative of d**4/24 - d**3/6 + 4*d**2. Suppose 3*y + y = 0. Let o be f(y). Determine c(o).
-2
Let i = 24 - 14. Let k be ((-4)/(-6))/(i/105). Let r(s) = 0 - s - 8 + k. Give r(-5).
4
Let m(i) = -i**3 + i - 4. Suppose 10 = 4*k + 2*x, -2*k - x - 2*x + 15 = 0. Give m(k).
-4
Let y(a) be the first derivative of 0*a - 1 - 1/2*a**4 - a**2 - 4/3*a**3. Determine y(-2).
4
Let s(z) = -2*z**2 + 2*z + 3. Let j be 1 - 1 - (-2 + -3). Suppose -2*c + i + 0*i = 2, 5*i = j*c. Determine s(c).
-9
Suppose 0 = -3*f - 13 + 1. Let j(i) = -i**3 - 5*i**2 - 6*i - 2. Determine j(f).
6
Let q(y) = -14*y**3 - 18*y**2 + 3*y + 3. Let p(d) = -5*d**3 - 6*d**2 + d + 1. Suppose 3*s + 68 = -s. Let c(x) = s*p(x) + 6*q(x). Determine c(6).
7
Let q be 2/12 + 1/(-6). Let k(y) be the first derivative of 1/4*y**4 - 1/3*y**3 + 7*y - 1 + 0*y**2. Give k(q).
7
Let k(z) = z**2 + 8*z + 4. Let b(f) = -4*f - 1. Let p(x) = x + 1. Let a(i) = b(i) + 3*p(i). Let h be a(3). Let m be (25/(-10))/(h/(-2)). Determine k(m).
-11
Let i(y) = -y**3 + 4*y**2 + 5*y + 1. Let g be i(5). Let w(a) = -11*a**2. Calculate w(g).
-11
Let l(i) = -5*i**3 - i. Let w(j) = 3*j. Let t be w(2). Let c be ((-2)/3)/(t/9). Give l(c).
6
Let q(p) = -p**3 - p**2 + p. Let r be ((-6)/(-5))/(10/(-25)). Let n = r - -4. Calculate q(n).
-1
Let v(g) = g - 1. Let w be -10*(-2)/4 + -2. Suppose 5*b - w*n + 31 = -6, b + 13 = 2*n. Let y be 1/b + 11/5. Calculate v(y).
1
Let r(k) = -6*k + 6 + 0*k + 6*k + k. Let b be r(-3). Let m(u) = -u**3 + u**2 + u + 4. Calculate m(b).
-11
Let r(q) = 3*q**2 + 3*q. Let b(a) = -2*a - 3. Let c be b(-5). Let x = 9 - c. Let w = -4 + x. Calculate r(w).
6
Let h(w) = -w**2 - 3*w - 5. Suppose -4*a + 4*j = 8, 5*a + 56 = -3*j + 14. Let i = 1 + a. What is h(i)?
-15
Let a(z) = -8*z - 3. Let f(c) = 8*c + 3. Let d(k) = 3*a(k) + 2*f(k). Give d(-2).
13
Let w(y) = -2*y + 7. Suppose -4 = 4*v - 3*v. Let g(p) = p**3 + 3*p**2 - 5*p - 4. Let b be g(v). Suppose 5*i - 3*i - 10 = b. Determine w(i).
-3
Let i(v) = 3*v + 4 - 5 - 1. Calculate i(-4).
-14
Suppose -3*l - 6*t + 3*t + 9 = 0, 5*l = -3*t + 19. Let i(p) = 2 + p - p**2 - p + 4*p. Give i(l).
-3
Let z(w) = -w**2 + 3*w - 2. Suppose 4*o + 0*l - 4 = 3*l, 4 = -4*o + l. Let x = o + 6. Suppose 4*d = i - 3 - x, -4*d - 13 = -3*i. Give z(i).
-2
Let p = -4 + 6. Suppose p*c - 20 = 12. Suppose -3*s + c = 4. Let u(n) = n**3 - 3*n**2 - 5*n + 5. Give u(s).
1
Let x(m) = -m**3 + 5*m**2 - 2*m - 3. Let u(f) = -3*f - 5. Let i be u(-10). Let s be 3/12 - i/4. Let n be (s/(-4))/(12/32). What is x(n)?
5
Suppose 5*b + 21 - 6 = 0. Let o(i) = -5*i + i + 5*i. Determine o(b).
-3
Let y = -9 + 8. Let i be (4/5)/(y/(-5)). Let z(c) be the second derivative of -c**5/20 + c**4/4 + 5*c**3/6 + c. Determine z(i).
4
Let d = -16 + 13. Let g be (-2)/((-8)/(-36)*d). Let x(h) = -h - h + 0*h. Give x(g).
-6
Let k(f) be the first derivative of -f**4/4 + 2*f**3 - 2*f**2 - 5*f + 20. Determine k(5).
0
Let g = 11 - 13. Let s be (0 - 1) + 2 + 3. Let a = g + s. Let u(i) = i**2 - 6*i + 3. Calculate u(a).
-5
Let x(s) = -s**2 - 7*s - 7. Suppose -3*y + 2*y + 2 = 0. Let t be (-11 - y)/(-2 - -1). Let c = 8 - t. What is x(c)?
3
Let f = -8 + 11. Let k = 2 + f. Let o(i) = i + 7 - k*i - 2*i + 3*i. Determine o(5).
-8
Suppose 0 = -5*n - 0*n + 45. Let q(f) = -n*f + 22*f - 11*f**2 - 14*f. Calculate q(1).
-12
Let z(b) = 23*b - b**2 - 7 + 19*b - 31*b. Calculate z(11).
-7
Let k(q) be the third derivative of q**4/24 - 16*q**2. What is k(3)?
3
Let b(f) = -f**3 + 2*f**2 + 2*f + 4. Suppose -5*g + 0*g = 0. Let o = g + 3. Calculate b(o).
1
Let g(r) = -r - 7. Let n be 0 - ((-1)/(-1) + -2). Suppose 4*v - 4 = 2*v. Suppose n = -5*o - s + 3, v*o = 4*s - 8. Give g(o).
-7
Let r(m) = 15*m**2 + 13*m + 3. Let t(o) = -5*o**2 - 4*o - 1. Let q(b) = 2*r(b) + 7*t(b). What is q(-2)?
-17
Suppose -3*w + 5 = -b, -5*b + 25 + 1 = 2*w. Suppose -4*i + 0*a + 24 = -4*a, 6 = -3*i - 5*a. Let y be -3*w/i - -2. Let d(h) = -5*h + 1. What is d(y)?
6
Let x(r) = -12*r - 16. Let j be x(-1). Let s(i) be the third derivative of i**5/60 + 7*i**4/24 + 2*i**3/3 - i**2. Give s(j).
-8
Suppose m - 5 + 8 = 0. Let w(i) = 3 + 1 - 2 + 3*i. Determine w(m).
-7
Let u(x) = x**3 + 6*x**2 - 4. Suppose -4*g - 8 = -4*h, -2*h + 2*g = 3*g - 7. Let n = h - 9. Give u(n).
-4
Let k(u) be the first derivative of u**4/2 + u**3/3 + 6. Give k(1).
3
Let o(h) = 1 - h - 8 + 6. Let q = 11 + -5. What is o(q)?
-7
Let j(l) = -4*l**2 - 3*l + 4. Let o(i) = -i**3 - 21*i**2 - 15*i + 21. Let c(w) = 11*j(w) - 2*o(w). Give c(3).
29
Let x(k) be the second derivative of k**4/6 - k**3/3 - k**2/2 - 6*k. Give x(2).
3
Let u(q) = -q**2 - 22*q + 3. Let o be u(-22). Let k(z) be the second derivative of -z**2 + 0 + 1/6*z**o - z. Give k(5).
3
Let j(v) = 15*v**2 + v - 5. Let q(y) = -2 + y**2 + 0*y**2 + 0*y**2 + 1. Let p(k) = j(k) - 6*q(k). Suppose -m = -2 + 3. Determine p(m).
9
Suppose 0*x = x + 6. Let j(i) = -i**3 - 6*i**2 - 1. Calculate j(x).
-1
Let k(l) be the third derivative of 7*l**6/120 - l**5/60 + l**2. Suppose -b + 1 - 7 = -3*p, p = -5*b - 14. Give k(p).
6
Suppose 0 = 5*x - 0*x - 40. Let r(l) = 2 - 3*l**2 + 2 + x*l - 1 + 0*l. Let d(s) = -4*s**2 + 9*s + 4. Let o(i) = 4*d(i) - 5*r(i). Calculate o(-4).
1
Let z(y) = 8*y**3 - 3*y + 2. Let a be z(1). Let q(k) be the second derivative of -k**5/20 + 2*k**4/3 - 5*k**3/6 - 7*k**2/2 + k. What is q(a)?
7
Let l(f) = f**3 - f**2 + f - 11. Suppose 0 = -0*g + 5*g. Give l(g).
-11
Let a(v) = v**3 - 6*v**2 + 4*v - 7. Let j be 2 + 5 + (-1 - 0). Calculate a(j).
17
Let m = -34 + 38. Let a(f) be the first derivative of -f**6/360 + f**5/60 + f**4/6 - f**3/3 - 1. Let d(t) be the third derivative of a(t). Calculate d(m).
-4
Let a(n) = -2*n**2. Let t(s) = -3*s**2 + s - 1. Let v(y) = 5*a(y) - 3*t(y). Let m be -2 + -6 + 3 - 1. What is v(m)?
-15
Let j(r) = r - 2. Let n = 27 - 15. Suppose 4*y - 24 = 2*v, -2 = -2*y - v + 2. Suppose y*f = -s + 5, 3*s + n = -s. Determine j(f).
0
Let o(c) = c**2 - 6*c - 5. Suppose 3*q = 6*q + 2*s - 72, 0 = -q + 4*s + 24. Suppose 0*p + 4*p = q. Give o(p).
-5
Let l be 3/2*(-24)/9. Let o(f) = -f**3 - 2*f**2 + 2*f - 1. Let u be o(-3). Let n(b) = -4*b + b**u + 2*b**2 - 3 + b**2 - 5*b**2. What is n(l)?
-3
Let x(f) = -f**3 + 2*f**2 - 1. Let c be x(-1). Suppose -p = -0*p - 4. Let l(j) = 4 - 3*j - p + 3*j**2. Determine l(c).
6
Suppose 0 = 2*s - 6*s + 16. Suppose g + 1 = n, 0 = -5*n - s*g + 8 - 3. Let m(f) = 4*f**2 + 1. Calculate m(n).
5
Let c(z) = -3*z**2 - 2*z - 2. Let l = -13 + 11. What is c(l)?
-10
Let u(o) = -o**3 + 3*o**2 + 4. Let y be u(3). Suppose -y*w + 3*w + 4 = 0, 3*w = -2*p + 4. Let x(b) = -b**2 - 4*b + 3. Give x(p).
3
Let k(